nd b.
3
Suppose -f - 1 = 0, -165 = -2*h - 6*f + 3*f. Let m be (4 + (3 - 3))*9. What is the highest common divisor of m and h?
12
Let a = -7 + 27. Suppose 42 = 26*u - a*u. Calculate the highest common divisor of 1 and u.
1
Let g = 15 + -7. Suppose 3*i + p + 61 = -0*i, 3*p + 51 = -3*i. Let c = i - -30. Calculate the highest common factor of c and g.
8
Suppose 4*q - 765 = 3*w, 4*q + 4*w - 569 = 203. Suppose m = 7*m - q. What is the greatest common divisor of 48 and m?
16
Let q(m) = 2*m - 38. Let w be q(31). Suppose -2*b - 192 = -4*b. Calculate the greatest common factor of b and w.
24
Let z(u) = -u + 72. Let o be z(-36). Calculate the greatest common divisor of 72 and o.
36
Suppose 16*p - 25 = 11*p. Suppose -p*z = -o + 14 + 4, 5*o + 4*z = 148. Calculate the highest common factor of 308 and o.
28
Let w(o) = -o**2 - 7*o - 1. Let a be w(-5). Let v = -258 + 267. Calculate the highest common factor of a and v.
9
Let v be 9*4 - (3 + -7). Let m be (-24)/v - 63/(-5). Calculate the greatest common factor of 8 and m.
4
Let u = 542 + -410. Calculate the highest common divisor of 440 and u.
44
Suppose 5*r + 4*p - 494 = 0, -93 = -r + 27*p - 22*p. Calculate the highest common divisor of r and 70.
14
Let b be (-4)/(-4) + -2 + -2. Let v be 1*(b - -4) + -13. Let p be (-488)/(-9) - v/(-54). Calculate the highest common factor of p and 81.
27
Let a(g) be the third derivative of 47*g**5/60 - g**3/6 - g**2. Let o = -24 - -26. Let s be a(o). Calculate the greatest common divisor of s and 17.
17
Suppose -11*g = -14 - 8. Calculate the highest common factor of g and 6.
2
Suppose -3*t = -1552 - 797. Suppose s - t = -307. Suppose 4*v + q - s = 2*q, -3*q - 588 = -5*v. Calculate the greatest common divisor of 15 and v.
15
Suppose -4*i = -2*o - 6, o = -o - 2*i. Let d(c) = -33*c**3 + c**2 + 2*c. Let j be d(o). Calculate the highest common factor of j and 16.
16
Let h be 107 + (-1 - -6 - (5 - -5)). What is the highest common divisor of 1071 and h?
51
Let w = -640 + 673. Calculate the highest common factor of 319 and w.
11
Let s = 21 + -31. Let f = -3 - s. Let y = 1 + 55. Calculate the greatest common factor of y and f.
7
Suppose 819 = 5*y + 99. Suppose l + 69 = y. Calculate the highest common divisor of l and 50.
25
Suppose 3*f = -t - 1, f + 1 = 3*t - 6. Let g be (-5)/30*t*-105. Let i be 5/g - 920/(-28). Calculate the greatest common divisor of 22 and i.
11
Suppose 28*m - 18 = 234. Calculate the greatest common factor of 1467 and m.
9
Let d(f) = -2*f + 21. Let b be d(6). Suppose -3*t + 265 = -o, -t - 4*o + o = -95. Let c = 188 - t. Calculate the highest common factor of b and c.
9
Let v(g) = 69*g**2 + g + 2. Let n be v(1). What is the greatest common divisor of n and 48?
24
Let y be (-1)/(((-6)/8)/(-3)). Let a be 16/y - -4 - -3. Suppose -a*w = -4*w + 2. What is the highest common factor of w and 16?
2
Suppose 94 = -n - n. Let h = n + 105. Let w(i) = i**2 + 10*i - 9. Let r be w(6). What is the greatest common divisor of r and h?
29
Let c = -9 - 12. Let f = -6 - c. Let p = 23 - f. What is the highest common factor of 16 and p?
8
Let u be (4/(-5))/(60/(-450)). Calculate the greatest common divisor of u and 81.
3
Let c = -12 + 23. Let q(v) = v**2 + 5. Let m be q(0). Suppose -4*w - 18 = -2*b - 0*w, -50 = -5*b + m*w. What is the greatest common divisor of c and b?
11
Let d(s) = -2*s + 9. Let c be d(0). Suppose -11 - c = -2*o. Suppose 0 = -3*a - 2*v + 157, 5*v = -10 - o. Calculate the greatest common factor of 11 and a.
11
Suppose 25 = 2*v + u, 2*u - 2 = -2*v + 20. Let a = -8 - -22. Let n = a + v. What is the greatest common divisor of 4 and n?
4
Let w = -44 - -2. Let u = w - -54. Calculate the greatest common factor of u and 12.
12
Let l = -6 - 0. Let h be (-2 - l)*(-148)/(-16). Suppose m = -4*w + h, 24 = 3*w + m + m. Calculate the highest common factor of 5 and w.
5
Suppose -9*k = -11*k - 4. Let v be (-12)/(-10) - k - 1/5. Calculate the greatest common factor of 21 and v.
3
Suppose -3*x - 3*x + 6 = 0. Suppose 0 = -n + 2*y - x, -n = -y + 4*y - 14. Calculate the greatest common divisor of 1 and n.
1
Let i(w) = -w**3 + 13*w**2 + 16*w - 19. Let h be i(14). Let s = h + -7. Let k be 6/(s - (2 + -2)). What is the highest common factor of 21 and k?
3
Let b = -13 + 13. Suppose b = -q - 6*q + 385. Suppose 4*t = q + 41. Calculate the greatest common divisor of t and 12.
12
Suppose -233 = 8*f - 713. What is the greatest common divisor of 1500 and f?
60
Let k be ((-1)/3)/((-1617)/(-540) + -3). Suppose -4*l - 6 = 22. Let s be (24/(-14))/(1/l). Calculate the greatest common divisor of k and s.
12
Suppose -6*w = 9*d - 7*d - 916, -w + 144 = -4*d. Calculate the greatest common divisor of w and 57.
19
Let c(b) = -b**3 + b**2 + b - 1. Let l be c(-2). Let u be (-2)/l*-105*3. What is the greatest common factor of 28 and u?
14
Let y be (124/(-20) + 5)/((-3)/175). What is the greatest common divisor of y and 10?
10
Let m(v) = -v**3 - 4*v**2 + 4*v + 4. Suppose 2*s + 4 - 22 = 2*i, -i - 21 = -4*s. Let k be m(i). What is the highest common factor of 6 and k?
3
Let f be (-6 - 1) + (-15)/(90/(-6186)). What is the highest common divisor of f and 8?
8
Let j(t) = -t + 14. Let m be j(-7). Let s be 5/2 + 1/2. Calculate the greatest common factor of m and s.
3
Suppose 5*d - 6*i = -3*i + 411, -i + 3 = 0. What is the greatest common factor of 63 and d?
21
Let p = 1046 - 1886. Let q be (2/5)/((-2)/p). What is the greatest common divisor of 42 and q?
42
Let o be 0 + 8/(-1 + 3). Let h = 64 - o. Let v(y) = 2*y**3 - 15*y**2 + 10*y - 9. Let c be v(7). What is the greatest common divisor of c and h?
12
Let q = -270 - -438. Let h = -378 - -420. Calculate the greatest common divisor of h and q.
42
Let o = -82 - -43. Let c = o + 67. Calculate the greatest common factor of 7 and c.
7
Let w(u) = -2*u**2 + 37*u + 113. Let f be w(21). Calculate the highest common factor of f and 58.
2
Let k(b) = -b**2 - 17*b + 44. Let y be k(-16). Let l be y/(-12) - (-40 + -1). Calculate the greatest common factor of 288 and l.
36
Suppose d + 5*z = -2*d + 487, z = -2*d + 327. Let s = -95 + d. Calculate the greatest common divisor of 23 and s.
23
Let b = -153 - -170. Calculate the highest common factor of b and 1.
1
Suppose d - 2 = v, 4*v = 8*v - 2*d + 14. Let w = v - -5. Suppose 8 = 4*o, 4*y + 4*o + w - 76 = 0. What is the highest common divisor of y and 51?
17
Let b = 2351 + -2090. Calculate the greatest common factor of 12 and b.
3
Let u = 87 - 56. Let w be (-34)/((2 + -3)*2). Suppose -6*o + u = -w. Calculate the highest common factor of 40 and o.
8
Suppose 0 = -s - 21 - 31. Let a = -51 - s. Calculate the highest common factor of a and 1.
1
Let i(c) = -c**3 - 13*c**2 + 12*c + 8. Let z be i(-14). What is the highest common divisor of z and 396?
36
Let g be 2 - (-3 + 5) - -3. Suppose 4*s = p - 24, 8*s + 58 = 3*p + g*s. Calculate the highest common factor of p and 1.
1
Let j = -18 - -30. Suppose 0 = -10*f + j*f - 154. What is the highest common factor of 11 and f?
11
Suppose 0 = 3*i - 518 - 379. Calculate the highest common divisor of i and 46.
23
Suppose 0 = 25*j - 125 - 1375. Suppose 0 = -2*u - 2*u - 2*r + 84, 0 = -3*u - 3*r + 66. What is the greatest common divisor of u and j?
20
Suppose 5*d - 6*d + 11 = 0. Let r(v) = -1 - 44*v + 40*v - 1. Let t be r(-6). What is the highest common divisor of d and t?
11
Suppose 94*p - 96*p = -456. Calculate the greatest common divisor of p and 76.
76
Suppose -5 = 3*x + 1. Let s be 3/x*110/(-33). Calculate the highest common factor of 85 and s.
5
Suppose -4*c - 48 = 5*u - 600, -8*c - 5*u = -1124. Let w be (-2)/9 + 133/(-9). Let q be -1 - (1 + 1*w). Calculate the highest common factor of q and c.
13
Suppose -15*y = -8*y - 1729. What is the greatest common divisor of 76 and y?
19
Let f(u) = -6*u - 7. Let m be f(-11). Suppose 4*w = 11 - m. Let b(a) = -a**2 - 11*a + 17. Let q be b(w). What is the greatest common factor of 1 and q?
1
Let o be (24*13/65)/(1/5). What is the greatest common factor of o and 102?
6
Suppose 490*h = 496*h - 66. What is the highest common divisor of 1408 and h?
11
Suppose -22*x = -12*x - 2800. What is the highest common factor of 630 and x?
70
Suppose 550*n = 551*n - 3. What is the greatest common factor of n and 318?
3
Suppose 0 = 2*c - 3*c - 3. Let v = 24 + -23. Let g = v - c. Calculate 